
-8
Let r be 0/(-1) + (1 - 4). Let t(a) = a + 1 - 3 + a**2 + 0. Determine t(r).
4
Let b(y) = y**3 + 7*y**2 - 2*y - 5. Suppose -5*z - 32 = d, 0*z - 26 = 2*z - 4*d. Calculate b(z).
9
Let n(y) = 4*y. Let k(s) = 3*s. Let w(r) = 7*k(r) - 5*n(r). Give w(-3).
-3
Let a(h) be the first derivative of -h**4/3 - h**2 - 4. Let j(s) be the second derivative of a(s). Calculate j(-1).
8
Suppose -3*h + 6*h = 0. Let s(f) be the first derivative of -f**3/3 - f**2/2 + 3*f + 15. Give s(h).
3
Let r(h) = 3 + 35*h + 32*h - 68*h. Determine r(5).
-2
Suppose -4*o + 74 = x + 4*x, -x + 4*o = -10. Let w = x + -8. Let h(l) = -l + 4. Calculate h(w).
-2
Let q(w) = -10 + 12*w - 5*w - 2. Suppose -2*o + o = -6. Let c(p) = -p. Let n(i) = o*c(i) + q(i). Calculate n(5).
-7
Let t(y) be the second derivative of 1/6*y**3 + 1/12*y**4 + 3*y + 7/2*y**2 + 0. Determine t(0).
7
Let q(z) be the second derivative of -1/3*z**3 + 0 - 3*z - z**2. Suppose b = -4*j - 19, -j = -5*j - 4*b - 28. Calculate q(j).
6
Suppose 0 = 3*o + o. Suppose 3*x + 2*x + 20 = -5*z, o = 3*z - 4*x + 19. Let m(s) = 5 - 6 + 2*s + 5. Calculate m(z).
-6
Let w(k) = k**2 + 41*k - 21*k - 6*k**3 - 19*k. Determine w(-1).
6
Suppose -5*r + 10*r = 0. Let j(g) = -g**2 - g - 4. Calculate j(r).
-4
Suppose 6 = 2*y - 0*y. Suppose 0 = -2*n + y + 7. Let x(l) be the third derivative of -l**4/24 + 2*l**3/3 + 33*l**2. Give x(n).
-1
Let n be 6*(-2)/(12/(-3)). Let h = -7 + 10. Let z(k) = -n - 2*k - 3 + h*k. Determine z(0).
-6
Let a(r) = 2*r**2 - 16*r - 6. Let n(y) = 3*y**2 - 32*y - 13. Let h(i) = -5*a(i) + 3*n(i). Let l be h(-15). Let z(m) = m**2 - 6*m - 4. Give z(l).
-4
Let p(w) = -w - 5. Let h be p(-6). Suppose a = 5 + h. Suppose -a*y + 8 = -2*y. Let f(k) = -2*k**3 + 3*k**2 - 3*k + 1. What is f(y)?
-9
Suppose 0 = -0*j + 2*j - 8, -j = 2*i - 4. Let w(p) = -2*p**3 + 2*p**2 + 2*p + 1. Let n be w(-1). Let c(q) = -q - 1 + 4 - n + 3. Calculate c(i).
3
Let i(t) = 2*t**3 + 3*t**2 + 3*t + 1. Let x(r) = -r**3 - 8*r**2 + 10*r + 13. Let j be x(-9). Suppose -4*q - 13 = -3*a - 2, j*q = a - 9. Give i(q).
-9
Let y(i) = 8 + 0 + 13*i + i**2 - 12*i. What is y(0)?
8
Let d(a) be the third derivative of -a**4/24 + 5*a**3/6 + a**2. What is d(5)?
0
Suppose 2*x + 4*r + 10 = 0, -3*r - 12 = -0*r. Let g = 15 - 13. Let k(f) = 1 + x - g - f. Give k(5).
-3
Let b = 127 - 128. Let u(c) = -10*c**3 + c**2. What is u(b)?
11
Let j(y) be the second derivative of 0 - 1/2*y**3 + 4*y + 1/60*y**5 - 3/2*y**2 + 1/8*y**4. Let z(l) be the first derivative of j(l). Determine z(-3).
-3
Let t(s) = -4 + 6 - 1 - s. Let r(y) = 5. Let k(u) = -r(u) + 2*t(u). Determine k(-3).
3
Let d(n) be the first derivative of n**2/2 + 6*n - 27. What is d(5)?
11
Suppose 4*n - 74 = 3*z, 0 = 3*n - z + 3*z - 64. Suppose -a - n = a - 4*d, 4*d = -3*a + 20. Let s(m) = -m**3 + m**2 + 5. Give s(a).
5
Let v(m) = -m - 8. Suppose 0*c + 2*c + 23 = -3*n, -30 = 3*c + 3*n. Let x be (-2)/c - (-372)/21. Suppose -3*p - x = -0*p. Calculate v(p).
-2
Let n(o) = o**2 - 6*o + 1. Let b be n(7). Let j(p) = -p + 6. What is j(b)?
-2
Let n(q) = 0*q + q**2 + 6*q - 1 + 0*q. Let m(d) = 4*d**2 - 2*d + 1. Let f be m(1). Suppose -23 + f = 4*o. Determine n(o).
-6
Let w = 0 - 4. Let j(q) = -q**2 - 5*q - 4. Let u(y) = -y**2 - 5*y - 3. Let c(t) = 3*j(t) - 4*u(t). Calculate c(w).
-4
Suppose -6*w = 1 - 13. Let r(t) = -2*t. What is r(w)?
-4
Suppose 5*p = -5*z + 25, 3*z - 2*z + 20 = 4*p. Let c(j) = 3*j**2 - 2*j**3 - 4*j**2 - 3 + j**3. Give c(z).
-3
Let q(m) = 2*m + 3. Suppose 0*c + 4*c - h - 16 = 0, 4*c + h = 24. Let r(n) = -3*n**3 + c*n + 5*n**2 + 0*n + 2*n**3 + 4. Let i be r(6). Determine q(i).
-1
Let a = 3 + -11. Let n = 5 + a. Let i(v) = -v**3 - 2*v**2 - 2*v - 3. Give i(n).
12
Let x(m) = -m. Let f(p) = p**2 + p + 2. Let o(g) = f(g) - 5*x(g). Calculate o(-4).
-6
Let m(w) = -w**2 - 2*w**3 + 9*w - 5*w**2 - 9 + w**3 - 3*w**2. Let a be m(-10). Let r(t) = 6*t**3 + 0*t**3 + 0*t**3. Calculate r(a).
6
Let i(y) = y + 1. Suppose -b = 3*c - 6, 2*c = 2*b + 3*c - 7. Suppose -5*q - 3*m = 7, -q - b*m = -2*q + 13. Calculate i(q).
2
Let v = 5 - 4. Let l be (1*(-3)/v)/1. Let f(z) = z - z + 2 + 1 + 3*z**2 + z**3. Give f(l).
3
Let l be 4/18*(7 - 4). Let h(x) be the third derivative of 0 - 1/15*x**5 + 0*x + 0*x**4 - 3*x**2 + l*x**3 + 1/120*x**6. What is h(4)?
4
Let t(r) = 2*r**2 - 5*r + 3. Let b(p) = p - 1. Let c be b(-5). Let f = -3 - c. Give t(f).
6
Let q(w) be the third derivative of -w**5/30 + w**4/8 + w**3/6 + w**2. What is q(3)?
-8
Suppose 0 = f - 4*s + 16 + 2, 0 = -f - 3*s + 17. Let k(h) = 2*h**3 - 3*h**2 + 2*h. Give k(f).
8
Let d(h) = h + 13. Let k be d(-8). Let l(v) = -5 + 2103*v - 3 + 2 - 2102*v. Give l(k).
-1
Let p(t) = 2*t**2 - 14 + 4*t - t - t - 1. Let r(o) = -o**2 - o + 7. Let k(c) = 2*p(c) + 5*r(c). Determine k(0).
5
Let l(j) = j - 1 - 2*j - 9*j. Give l(-1).
9
Let r(w) = -w**2 + 9*w - 5. Let l be r(6). Let s(b) = -b**2 + 15*b - 18. Give s(l).
8
Let a(u) = -4*u + 10. Let w be a(3). Let o(g) = 4*g**3 + 4*g**2 + 3*g + 1. Calculate o(w).
-21
Let u = -2 + 8. Suppose -j = -u*j - 5. Let t(f) = 1372 - 1372 - 2*f. Determine t(j).
2
Let z(d) be the first derivative of d**4/4 - 8*d**3/3 + d**2 + 2*d - 4. Determine z(8).
18
Let c(i) = -i**2 - i - 6. Let w be c(0). Let g(x) be the second derivative of -x**4/12 - x**3 - 7*x**2/2 - 2*x. Calculate g(w).
-7
Let n(c) = c**2 + 5*c + 1. Let u(d) = -d**2 - d - 1. Suppose -2 = 5*p - 2*z, 6*p + z - 1 = p. Let y = p + 2. Let o(v) = y*u(v) + n(v). Determine o(1).
1
Let m be (-1 - (-2)/(-4))*-6. Suppose -4*n + 15 = -n, 0 = -3*j + 3*n - m. Let s(c) = 4*c - 3. Give s(j).
5
Suppose -4*j - 5 = -3*m, m + 0*j - j = 0. Let a(d) be the first derivative of d**3/3 + 7*d**2/2 + d - 13. Give a(m).
-9
Let t(k) be the second derivative of -k**4/12 - k**3/6 - k**2/2 + k. Let s(a) = a**3 + 4*a**2 + 3*a - 1. Let q be s(-3). Give t(q).
-1
Let f(d) = -d**3 + 4*d**2 + 3*d - 6. Suppose 4*m + g = -1, 2*g = -m + 7*g - 16. Let c be (-6)/4 - 52/(-8). Let w = c + m. Give f(w).
6
Let n(w) = w**3 + 6*w**2 - 6*w + 7. Let a be n(-7). Let h(q) = -q**2 - q + 4. Let c be h(a). Let x(m) = m**2 - 2*m**2 - 5*m - c + 2*m**2. Determine x(5).
-4
Let x(s) = -3*s**2 + 2*s - 3. Let f(n) = -1. Let b(v) = -2*f(v) + x(v). Let q(j) = 2*j**3 + j**2 - 1. Let k be q(1). Calculate b(k).
-9
Let k be (-2)/4*5/(-15). Let c(d) be the third derivative of k*d**3 + 1/60*d**5 + 0*d - 2*d**2 + 0 + 1/12*d**4. What is c(-1)?
0
Let t(j) = -1 + 2 - 2*j**2 + 0 + 0 - 2*j. Let v(o) = 2*o**2 + 4*o + 3. Let l be v(-2). Suppose 0 = u + 5*z - z + 7, -4*u = l*z + 2. What is t(u)?
-3
Let m(a) = -a**3 - 3*a - 21*a**2 - 2 + 24*a**2 + a. Suppose -4*b + 14 = 2*h, 3*b - 10 = -4. Determine m(h).
-8
Let a(w) = w**3 + 4*w**2 + 2*w + 3. Let i be a(-3). Let r(y) = y**3 - 6*y**2 - y + 7. Give r(i).
1
Let n(r) = -r**2 + 8*r - 4. Suppose -a + 2 + 3 = 0. Calculate n(a).
11
Let i(w) = 4*w + 5. Let d(b) = -b - 1. Suppose 0 = -5*o - 25, -6*z = -z + 3*o + 40. Let u(r) = z*d(r) - i(r). Give u(4).
4
Let z(v) = -3 + 0*v - 19*v**2 + 0*v**3 + 16*v**2 + 2*v + v**3. What is z(2)?
-3
Let t(h) = -2*h. Let u = -5 - -5. Suppose u*s + 3*s + 3 = 0. Give t(s).
2
Let h(w) be the first derivative of 3*w**2 + 5/3*w**3 + 1/4*w**4 + w - 2. Suppose -1 = y + 3. Give h(y).
-7
Suppose -3*r - 36 = 2*r + 3*v, -2*v = 2*r + 16. Let a be (-14)/r + 4/6. Let y(g) = -g**3 - 5 - 5*g**2 + 0*g - g + 0*g**a. Give y(-5).
0
Let k(m) = -m**2 + 7*m + 3. Let j be k(8). Let r(f) = -3*f - 6. Determine r(j).
9
Let r be (135/20)/((-6)/(-16)). Suppose 2*m - 3*s + 7 = 0, -m - r = 2*m + 3*s. Let k(z) = z + 6. Determine k(m).
1
Let o(m) = -m + 13. Let y be o(9). Let w(j) = y*j + 2*j - 7 - 5*j. Suppose -5*n = -4*n + 4*f + 17, -5*n = 5*f + 10. Calculate w(n).
-4
Let b(a) be the first derivative of a**3/3 + 9*a**2/2 + 5*a - 10. Give b(-8).
-3
Let q(i) = 0*i**2 + 0*i**2 + 2 + i**2 + 2 - 3*i. Give q(4).
8
Let y(i) be the first derivative of 2 + 1/3*i**3 + 2*i**2 - 3*i. Determine y(-5).
2
Let u(b) = -5*b**2 + 1. Suppose c - 3*j - 2*j - 15 = 0, -j = 2. Let o be (1/2)/(c/10). What is u(o)?
-4
Let z be 23/5 - (-4)/10. Suppose -4*u + 6 = -z*u - b, 26 = -5*u - b. Let g(m) be the third derivative of m**4/12 + 2*m**3/3 + m**2 - 34*m. Give g(u).
-6
Let o(d) = 13*d**3 - 3*d**2 - d. Let s(k) = 3*k**3 - k**2. Let l(m) = 2*o(m) - 9*s(m). Let y = -5 + 10. Let n be 6/y*(-5)/(-2).